{"id":5992,"date":"2023-08-07T17:59:35","date_gmt":"2023-08-07T20:59:35","guid":{"rendered":"https:\/\/www.comstar.com.br\/site\/?post_type=product&#038;p=5992"},"modified":"2025-06-05T17:14:18","modified_gmt":"2025-06-05T20:14:18","slug":"capacete-linha-especial-bros-h3s-branco","status":"publish","type":"product","link":"https:\/\/www.comstar.com.br\/site\/produto\/capacete-linha-especial-bros-h3s-branco\/","title":{"rendered":"Capacete linha Especial Bros H3S &#8211; Branco"},"content":{"rendered":"<p>Caracter\u00edsticas:<\/p>\n<p>* Casco injetado em termopl\u00e1stico de alta absor\u00e7\u00e3o (ABS).<br \/>\n* Verniz protetor com pintura mais resistente.<br \/>\n* Viseira anti-risco<br \/>\n* Viseira em policarbonato de 2 mm<br \/>\n* Anel antifurto.<br \/>\n* Grafismo em decal.<br \/>\n* Revestimento interno (forra\u00e7\u00e3o) remov\u00edvel e lav\u00e1vel em tecido antial\u00e9rgico.<br \/>\n* Fecho microm\u00e9trico.<br \/>\n* Entrada de ar inferior para ventila\u00e7\u00e3o dentro do casco.<br \/>\n* Viseira Clear ( Transparente )<br \/>\n* Peso: 1,4860 kg.<\/p>\n","protected":false},"excerpt":{"rendered":"<p>O capacete H3S Honda \u00e9 a escolha perfeita para os pilotos que procuram qualidade, seguran\u00e7a e estilo. Com um design moderno e agressivo, este capacete oferece prote\u00e7\u00e3o superior para os motociclistas que gostam de encarar desafios nas trilhas e pistas uma prote\u00e7\u00e3o robusta e ao mesmo tempo estilosa para suas corridas de motocross. Com um design aerodin\u00e2mico e moderno, este capacete oferece m\u00e1xima prote\u00e7\u00e3o contra impactos, garantindo conforto e seguran\u00e7a durante as atividades off-road.<br \/>\nFeito com materiais de alta qualidade, este capacete possui um revestimento interno acolchoado e remov\u00edvel, facilitando a higieniza\u00e7\u00e3o e garantindo um ajuste perfeito \u00e0 cabe\u00e7a do piloto. Al\u00e9m disso, conta com uma viseira resistente e ajust\u00e1vel, que oferece excelente prote\u00e7\u00e3o contra raios UV e outros elementos externos.<br \/>\nO capacete H3S Honda  \u00e9 o acess\u00f3rio ideal para os pilotos que buscam desempenho e estilo durante suas aventuras na pista. N\u00e3o perca mais tempo, escolha agora o seu e saia acelerando com total seguran\u00e7a e conforto!<\/p>\n","protected":false},"featured_media":8476,"comment_status":"open","ping_status":"closed","template":"","meta":{"_acf_changed":false},"product_brand":[],"product_cat":[101,105],"product_tag":[],"class_list":{"0":"post-5992","1":"product","2":"type-product","3":"status-publish","4":"has-post-thumbnail","6":"product_cat-acessorios","7":"product_cat-capacetes","9":"first","10":"instock","11":"shipping-taxable","12":"purchasable","13":"product-type-simple"},"acf":[],"_links":{"self":[{"href":"https:\/\/www.comstar.com.br\/site\/wp-json\/wp\/v2\/product\/5992","targetHints":{"allow":["GET"]}}],"collection":[{"href":"https:\/\/www.comstar.com.br\/site\/wp-json\/wp\/v2\/product"}],"about":[{"href":"https:\/\/www.comstar.com.br\/site\/wp-json\/wp\/v2\/types\/product"}],"replies":[{"embeddable":true,"href":"https:\/\/www.comstar.com.br\/site\/wp-json\/wp\/v2\/comments?post=5992"}],"wp:featuredmedia":[{"embeddable":true,"href":"https:\/\/www.comstar.com.br\/site\/wp-json\/wp\/v2\/media\/8476"}],"wp:attachment":[{"href":"https:\/\/www.comstar.com.br\/site\/wp-json\/wp\/v2\/media?parent=5992"}],"wp:term":[{"taxonomy":"product_brand","embeddable":true,"href":"https:\/\/www.comstar.com.br\/site\/wp-json\/wp\/v2\/product_brand?post=5992"},{"taxonomy":"product_cat","embeddable":true,"href":"https:\/\/www.comstar.com.br\/site\/wp-json\/wp\/v2\/product_cat?post=5992"},{"taxonomy":"product_tag","embeddable":true,"href":"https:\/\/www.comstar.com.br\/site\/wp-json\/wp\/v2\/product_tag?post=5992"}],"curies":[{"name":"wp","href":"https:\/\/api.w.org\/{rel}","templated":true}]}}