{"id":7604,"date":"2024-09-20T11:37:35","date_gmt":"2024-09-20T14:37:35","guid":{"rendered":"https:\/\/www.comstar.com.br\/site\/?page_id=7604"},"modified":"2024-09-20T14:08:21","modified_gmt":"2024-09-20T17:08:21","slug":"politica-de-privacidade","status":"publish","type":"page","link":"https:\/\/www.comstar.com.br\/site\/politica-de-privacidade\/","title":{"rendered":"Pol\u00edtica de Privacidade"},"content":{"rendered":"\n<p><\/p>\n\n\n\n<p><\/p>\n\n\n\n<p class=\"has-text-align-center has-huge-font-size\"><strong>POL\u00cdTICA DE PRIVACIDADE<\/strong><\/p>\n\n\n\n<p>A <strong>COMSTAR VE\u00cdCULOS LTDA <\/strong>(\u201cCOMSTAR\u201d) reconhece a import\u00e2ncia de manter seguro seus dados<br>pessoais, por este motivo, a presente Pol\u00edtica de Privacidade se aplica a todas as unidades da<br>COMSTAR e destina-se a esclarecer quais informa\u00e7\u00f5es coletamos, como utilizamos seus dados e para<br>quais finalidades. Al\u00e9m disso, est\u00e1 em conformidade com o determinado pela Lei Geral de Prote\u00e7\u00e3o<br>de Dados (\u201cLGPD\u201d ou \u201cLei 13.709\/2019\u201d).<br><br>A presente Pol\u00edtica est\u00e1 em vigor desde 01 de janeiro de 2019.<\/p>\n\n\n\n<ol class=\"wp-block-list\">\n<li><strong>Quais informa\u00e7\u00f5es coletamos?<\/strong><br><br>Atrav\u00e9s de nosso site e mediante o preenchimento de formul\u00e1rios espec\u00edficos, a COMSTAR coleta<br>informa\u00e7\u00f5es e dados pessoais, como por exemplo: seu nome, n\u00famero de CPF e RG, n\u00famero de<br>telefone, endere\u00e7o residencial e seu e-mail (\u201cDados\u201d).<br><br>Al\u00e9m destes Dados, podem ser coletadas outras informa\u00e7\u00f5es que podem igualmente identific\u00e1-lo e,<br>portanto, estas informa\u00e7\u00f5es tamb\u00e9m s\u00e3o definidas como Dados, nos termos do que determina a<br>LGPD.<br><br><\/li>\n\n\n\n<li><strong>Para quais finalidades coletamos suas informa\u00e7\u00f5es?<\/strong><br><em><br><strong>Uma vez coletados seus Dados na forma do disposto em 1 acima, voc\u00ea, titular dos Dados, CONSENTE,<br>de maneira livre e inequ\u00edvoca, expressamente, com o tratamento de seus Dados pela COMSTAR.<\/strong><\/em><br><br>As informa\u00e7\u00f5es coletadas, seja atrav\u00e9s de nosso site, mediante a utiliza\u00e7\u00e3o de \u201ccookies\u201d seja mediante<br>o preenchimento volunt\u00e1rio dos formul\u00e1rios de cadastro fornecidos no site COMSTAR, s\u00e3o utilizadas<br>para (1) cadastro em nosso banco de dados; (2) checagem de determinadas informa\u00e7\u00f5es financeiras<br>(3) encaminhamento de mailing marketing das campanhas publicit\u00e1rias e promocionais de quaisquer<br>produtos e chamamento para eventos patrocinadas pela COMSTAR e, ainda, (4) para fins do leg\u00edtimo<br>interesse da COMSTAR.<br><br><\/li>\n\n\n\n<li><strong>Como a COMSTAR protege suas informa\u00e7\u00f5es?<\/strong><br><br>A COMSTAR utiliza medidas modernas de seguran\u00e7a para proteger suas informa\u00e7\u00f5es pessoais,<br>restringindo o acesso a elas apenas \u00e0 pessoal autorizado.<br><br>Para tanto ela possui adequado sistema de seguran\u00e7a de codifica\u00e7\u00e3o para transa\u00e7\u00f5es na internet, o<br>que o torna um ponto seguro na navega\u00e7\u00e3o pela internet.<br><br>No entanto, n\u00e3o se pode garantir o uso seguro durante todo o tempo. O site COMSTAR pode conter<br>refer\u00eancias a outros sites da Internet que n\u00e3o est\u00e3o sob o nosso controle e nos quais n\u00e3o \u00e9 aplic\u00e1vel<br>a presente Pol\u00edtica de Privacidade. A COMSTAR n\u00e3o assume por isso qualquer responsabilidade pelo<br>conte\u00fado e caracter\u00edsticas destes sites.<br><br>Importante alertar que o processamento de informa\u00e7\u00f5es poder\u00e1 apresentar problemas caso o<br>internauta esteja utilizando um navegador desatualizado ou com vers\u00e3o incompat\u00edvel. Isso quer dizer<br>que o internauta poder\u00e1 visualizar p\u00e1ginas, mas, pela pr\u00f3pria seguran\u00e7a de seus dados, n\u00e3o conseguir\u00e1<br>efetuar a compra devido \u00e0 impossibilidade de obter uma conex\u00e3o segura com o nosso servidor.<br><br><\/li>\n\n\n\n<li><strong>A COMSTAR utiliza Cookies<\/strong><br><br>A COMSTAR, atrav\u00e9s de seu site, utiliza cookies e tecnologias semelhantes (por exemplo, pixels e tags<br>de an\u00fancios) para coletar dados (como identificadores de dispositivos) para reconhecer voc\u00ea e\/ou<br>seu(s) dispositivo(s) onde voc\u00ea interagiu conosco.<br><br>Voc\u00ea pode desabilitar no seu computador, o uso de dados de cookies e de tecnologias semelhantes<br>que acompanham seu comportamento em sites para fins de direcionamento de an\u00fancios ou outros<br>fins.<br><br><\/li>\n\n\n\n<li><strong>Altera\u00e7\u00f5es na Pol\u00edtica de Privacidade<\/strong><br><br>As altera\u00e7\u00f5es na Pol\u00edtica de Privacidade se aplicam ao seu uso dos servi\u00e7os e produtos COMSTAR ap\u00f3s<br>a \u201cdata de vig\u00eancia\u201d.<br><br>A COMSTAR poder\u00e1 modificar esta Pol\u00edtica de Privacidade. As altera\u00e7\u00f5es ser\u00e3o publicadas em nosso<br>site e caso voc\u00ea tenha obje\u00e7\u00f5es a alguma altera\u00e7\u00e3o, voc\u00ea tem o direito de pedir que a COMSTAR<br>elimine seus dados, nos termos da legisla\u00e7\u00e3o em vigor.<br><br>No entanto, caso n\u00e3o haja manifesta\u00e7\u00e3o sobre as altera\u00e7\u00f5es, voc\u00ea concorda com as altera\u00e7\u00f5es<br>realizadas na Pol\u00edtica de Privacidade e isto significar\u00e1 que a coleta, uso e compartilhamento dos seus<br>dados pessoais est\u00e3o sujeitos \u00e0 Pol\u00edtica de Privacidade atualizada na data em que entrar em vigor.<br><br><\/li>\n\n\n\n<li><strong>Revoga\u00e7\u00e3o do Titular dos Dados<\/strong><br><br>Voc\u00ea tem todo o direito de revogar o consentimento dado \u00e0 COMSTAR, mediante sua livre e expressa<br>manifesta\u00e7\u00e3o, nos termos do determinado pelo par\u00e1grafo 5\u00ba, artigo 8\u00ba da LGPD.<br><br>Na hip\u00f3tese acima, voc\u00ea dever\u00e1 encaminhar e-mail para: brunoweb@comstar.com.br com o seguinte<br>t\u00edtulo Revoga\u00e7\u00e3o de Dados.<br><br><\/li>\n\n\n\n<li><strong>Lei Aplic\u00e1vel e Jurisdi\u00e7\u00e3o<\/strong><br><br>A presente Pol\u00edtica de Privacidade \u00e9 regida pelas leis brasileiras sendo eleito desde j\u00e1 o Foro Central da capital do Estado de S\u00e3o Paulo para dirimir quaisquer d\u00favidas e controv\u00e9rsias sobre a presente Pol\u00edtica, renunciando a qualquer outro por mais privilegiado que seja.<br><br><\/li>\n\n\n\n<li><strong>Contato<\/strong><br><br>Caso voc\u00ea tenha alguma d\u00favida sobre a Presente Pol\u00edtica de Privacidade, entre em contato<br>imediatamente com a COMSTAR pelo endere\u00e7o de e-mail brunoweb@comstar.com.br<\/li>\n<\/ol>\n","protected":false},"excerpt":{"rendered":"<p>POL\u00cdTICA DE PRIVACIDADE A COMSTAR VE\u00cdCULOS LTDA (\u201cCOMSTAR\u201d) reconhece a import\u00e2ncia de manter seguro seus dadospessoais, por este motivo, a presente Pol\u00edtica de Privacidade se aplica a todas as unidades daCOMSTAR e destina-se a esclarecer quais informa\u00e7\u00f5es coletamos, como utilizamos seus dados e paraquais finalidades. Al\u00e9m disso, est\u00e1 em conformidade com o determinado pela Lei [&hellip;]<\/p>\n","protected":false},"author":1,"featured_media":0,"parent":0,"menu_order":0,"comment_status":"closed","ping_status":"closed","template":"","meta":{"_acf_changed":false,"footnotes":""},"class_list":["post-7604","page","type-page","status-publish","hentry"],"acf":[],"_links":{"self":[{"href":"https:\/\/www.comstar.com.br\/site\/wp-json\/wp\/v2\/pages\/7604","targetHints":{"allow":["GET"]}}],"collection":[{"href":"https:\/\/www.comstar.com.br\/site\/wp-json\/wp\/v2\/pages"}],"about":[{"href":"https:\/\/www.comstar.com.br\/site\/wp-json\/wp\/v2\/types\/page"}],"author":[{"embeddable":true,"href":"https:\/\/www.comstar.com.br\/site\/wp-json\/wp\/v2\/users\/1"}],"replies":[{"embeddable":true,"href":"https:\/\/www.comstar.com.br\/site\/wp-json\/wp\/v2\/comments?post=7604"}],"version-history":[{"count":7,"href":"https:\/\/www.comstar.com.br\/site\/wp-json\/wp\/v2\/pages\/7604\/revisions"}],"predecessor-version":[{"id":7615,"href":"https:\/\/www.comstar.com.br\/site\/wp-json\/wp\/v2\/pages\/7604\/revisions\/7615"}],"wp:attachment":[{"href":"https:\/\/www.comstar.com.br\/site\/wp-json\/wp\/v2\/media?parent=7604"}],"curies":[{"name":"wp","href":"https:\/\/api.w.org\/{rel}","templated":true}]}}